 prime factors of d?
2, 977
Let z(f) = 461*f**3 - 3*f**2 + f - 8. What are the prime factors of z(2)?
2, 5, 367
Let r = -27 + 28. Suppose -p + 2*p = -5*j - 2, 0 = p + 4*j + r. What are the prime factors of (-465)/(-9) - (-1)/p?
2, 13
Suppose -5*y + o + 10423 = 0, 13*o - 9*o - 10408 = -5*y. What are the prime factors of y?
2, 521
Let a(x) = -x**3 - 2*x**2 + 2*x - 7. Let z be a(-3). What are the prime factors of z/18 + (-1491)/(-27)?
5, 11
Let o = 3034 + -1037. What are the prime factors of o?
1997
Let m(n) = -n**3 - 14*n**2 + 11*n - 18. Let f = 2 - 12. Let d = f + -5. List the prime factors of m(d).
2, 3, 7
Suppose 2365 = 5*h - 11*o + 6*o, -4*h - o = -1877. List the prime factors of h.
2, 5, 47
Let u(k) = k**2 - 6*k + 66. List the prime factors of u(19).
313
Suppose -13 = -h + 3*s, 2*h - s = 13 - 2. Suppose -3*t = -2*q + h - 0, 0 = -4*t + 3*q - 7. What are the prime factors of 32 + 1 + t + -6?
29
Let m(h) = 18*h - 1. Let x be (-9)/(-11) - (-8)/44. Let w be m(x). Let o = w - 6. List the prime factors of o.
11
Let g = -223 - -994. List the prime factors of g.
3, 257
Suppose 0 = -3*i + 83 + 91. Suppose -i = -2*n - y, 0 = -3*n - 0*y + 5*y + 100. Suppose -d + 19 + n = 0. List the prime factors of d.
7
Suppose 3*w = 6*x - x + 1123, -5*x = 2*w - 707. What are the prime factors of w?
2, 3, 61
Suppose -4*n = -98 - 58. Suppose 3*m - 7*m = 2*t - 246, -n = -m - 5*t. Suppose c - 25 = -5*v, -3*c = -7*c - 2*v + m. What are the prime factors of c?
3, 5
Let j be 4 + -5 - (-11 + -2). Suppose 7*b - j*b = -210. List the prime factors of b.
2, 3, 7
Suppose 4*k + 23 = 3*k - 3*w, 49 = -2*k - 5*w. List the prime factors of -1 - (k/(-2))/(-1).
3, 5
Suppose 2*y = -y + 30. Suppose -5*v = -y*v + 45. What are the prime factors of v?
3
Let p = -370 - -934. List the prime factors of p.
2, 3, 47
Let d(x) = 16*x**3 + 2*x**2 - 16*x + 61. What are the prime factors of d(4)?
3, 13
Let p = 76 - 86. Let n(i) = -i + 25. List the prime factors of n(p).
5, 7
Suppose -2*n + 3*l + 150 = 0, -13*n = -8*n + 5*l - 400. List the prime factors of n.
2, 3, 13
Suppose -n + 4*t = -152, -n - 2*t + 7 = -157. List the prime factors of n.
2, 5
Let p = 598 - 32. List the prime factors of p.
2, 283
Let k be -2*(33/12 + (-3)/12). List the prime factors of (-1 - k) + -8 + 22.
2, 3
Suppose -9*o - 3454 = -29482. What are the prime factors of o?
2, 3, 241
List the prime factors of (0 + -2 - -461) + 7.
2, 233
Suppose 0 = d - s - 5, 2 = -s - 0. Let f(o) = 9*o - 2. List the prime factors of f(d).
5
Suppose 2 = -4*k + 26. Suppose -2*q + 4*q = -2*b + k, -q - 4*b + 3 = 0. Suppose 0 = -q*x + 4*a + 15, 12 - 2 = 2*x + 5*a. List the prime factors of x.
5
Suppose -p = -6*p + 15. Suppose p*z - 13 = 44. What are the prime factors of z?
19
Let h = -1115 - -1858. Suppose -3*f + 734 = -5*o, 3*o + h = 3*f + 5. What are the prime factors of f?
2, 31
Let l = 20 + -56. Let j = l - -41. What are the prime factors of j?
5
Let j be (-1)/(1 + 10/(-8)). Let m = 103 - j. List the prime factors of m.
3, 11
Let c(h) = 20*h**2 + h - 1. Let n be c(1). Let j = n - -201. What are the prime factors of j?
13, 17
Suppose 2*g = -4*r + 516, 87*g = 4*r + 86*g - 516. List the prime factors of r.
3, 43
Let s(w) = -w**3 - 4*w**2 - 4*w - 13. Suppose 0 = 2*u + 13 - 1. What are the prime factors of s(u)?
83
Let r(b) = -4*b**3 - 5*b**2 - b + 17. List the prime factors of r(-4).
197
Let w(t) = t + 15 + t**2 + 9 + 0*t. Suppose -d = -7*d. What are the prime factors of w(d)?
2, 3
Let d = -53 - -788. What are the prime factors of d?
3, 5, 7
Let u(z) be the second derivative of -z**6/360 - z**5/30 + z**4/6 - z. Let p(t) be the third derivative of u(t). List the prime factors of p(-8).
2, 3
Let o(b) = -b**3 + b**2 + b. Let a be o(0). Suppose a = 4*p - 26 - 18. List the prime factors of p - -1 - (-10)/5.
2, 7
Suppose -3*g = 5*c - 7123, g - 2376 = -28*c + 26*c. What are the prime factors of g?
2, 7, 13
Let u = 5 - 0. Suppose 7 = 2*v - s, u*v - 20 = s + 4*s. Suppose -5*j = 5*k - 85, v*j - 24 = -4*k + 42. What are the prime factors of k?
3, 5
Suppose -12*j + 63 + 57 = 0. Suppose -j*b + 988 = 128. List the prime factors of b.
2, 43
Let g(u) be the third derivative of -u**6/120 + u**5/20 + u**3/6 + 8*u**2. Let b be g(2). Suppose 0 = -5*x + 170 + b. What are the prime factors of x?
5, 7
Suppose -20*u + 89316 = 16*u. List the prime factors of u.
3, 827
Suppose 0*i - 4*q = 3*i - 14, -q = i - 6. List the prime factors of (-36)/(-90) - (-496)/i.
2, 5
Let t = 8 - -25. What are the prime factors of 1*t*2/2?
3, 11
What are the prime factors of 8/18 + 156359/441?
5, 71
Suppose 374 = 4*w - m - 47, -545 = -5*w + 5*m. What are the prime factors of w?
2, 13
Suppose 0 = 5*m - 5*o - 80, 4*m - o + 54 = 8*m. List the prime factors of m.
2, 7
Suppose -4*l + 7640 = -5*p, 3*p - 2693 = -3*l + 3037. Suppose -1018 = -16*c + l. What are the prime factors of c?
3, 61
Let i(t) = -t**3 - 17*t**2 - 6*t + 6. Let g be i(-16). Let s = g + 234. What are the prime factors of s?
2, 5
Suppose 8 + 31 = 3*v. Suppose -14*d + 131 = -v*d. List the prime factors of d.
131
Suppose -99 = 3*z - 3270. What are the prime factors of z?
7, 151
Let w be ((-3)/4)/(10/(-36 - 4)). Suppose 0 = 5*p, -4*p - 24 = -2*a - 2*a. What are the prime factors of w/(a/20) + 0?
2, 5
Suppose -3*l + 3*d = d - 11, -5*d = -10. Suppose l*c + 5*x - 800 = 0, -2*x - 397 = -4*c + 249. What are the prime factors of c?
7, 23
Let u(n) = -n**3 - 10*n**2 - 11*n - 13. Let j = -28 + 19. List the prime factors of u(j).
5
Let g(h) = -h - 37. Let r be g(-23). List the prime factors of (-372)/r*(9 - 6 - -4).
2, 3, 31
Suppose -4*m = -i + 261, i + 4*i = 3*m + 183. Let q = m + 180. List the prime factors of (q/(-9))/((-2)/6).
2, 19
Suppose -4*t + 2554 + 268 = l, -5*t - 2*l + 3526 = 0. List the prime factors of t.
2, 353
Let n = -23 - -19. What are the prime factors of (n/(-10))/(2/210)?
2, 3, 7
Let y(m) = 2*m**2 + 6*m + 1. Let l be (-4 - -5)/(1/(-5)). What are the prime factors of y(l)?
3, 7
Suppose o = 4*o + x - 13, 4*o - 5*x + 8 = 0. Let d(j) = -24*j**3 + 3 - 8*j**2 - 2*j + 39*j**3 - 16*j**o. List the prime factors of d(-8).
19
Suppose 0 = v + 3*x - 62 - 340, -2*v + 4*x + 774 = 0. What are the prime factors of v?
3, 131
Let x(o) = -o + 1. Let s(v) = -18*v**2 + 13*v - 1. Let t(n) = -s(n) - 2*x(n). List the prime factors of t(3).
2
Suppose -5*k = -2*s + 20, -s + 2*k + 6 + 3 = 0. Suppose -103 = -s*g + 4*m, g + 2*m - 38 = -3*m. What are the prime factors of g?
23
Let c = -1276 - -3435. List the prime factors of c.
17, 127
Let n = -7 - -4. Let x be n - 0 - -5 - 2. Suppose -69 = -3*o - 2*r, o + 5*r = -x*o + 23. What are the prime factors of o?
23
Let g be 32/(-12)*((-42)/4)/7. What are the prime factors of ((-3)/(18/g))/(15/(-4275))?
2, 5, 19
Let t = -977 + 1385. List the prime factors of t.
2, 3, 17
Suppose 0*w + 12*w = 252. List the prime factors of w.
3, 7
Suppose 0 = -3*y + 173 + 1393. What are the prime factors of y?
2, 3, 29
Let w(m) = 78*m**3 - 2*m**2 + m + 1. Let z be w(-1). What are the prime factors of (180/z)/(1/(-100))?
3, 5
Suppose 7*d + 2379 - 8266 = 0. What are the prime factors of d?
29
Let w(u) = -66*u**3 + u**2 + 2*u + 1. Suppose -5*m + 11 = c + c, -4*m + 6 = 3*c. Suppose m = 5*h + 8. What are the prime factors of w(h)?
2, 3, 11
What are the prime factors of (-2*(-9)/(-12))/(12/(-1256))?
157
Suppose 4*m + 33 = 5*a - 122, -31 = -a + m. What are the prime factors of a?
31
Let o = -500 + 802. Let l = 446 - o. What are the prime factors of l?
2, 3
Suppose -2*b + 2380 = -4*d, 56*b - d = 53*b + 3555. List the prime factors of b.
2, 37
Suppose -437 = 6*b + 517. Let m = -51 - b. List the prime factors of m.
2, 3
Let m = 4347 + -1940. List the prime factors of m.
29, 83
Let t = -643 + 1093. List the prime factors of t.
2, 3, 5
Let y(i) = 2*i + 12. Let t be y(-6). Suppose -l + 11 + 9 = t. Let d = l - 6. List the prime factors of d.
2, 7
Suppose -2*x = -2*a + 7*a - 678, -2*a + 4 = 0. What are the prime factors of x?
2, 167
What are the prime factors of (12375/(-60) + -2)/((-2)/24)?
3, 7, 17
Let a be (2 + -3)*(-170 - 3). Suppose a = 3*w + 4*s, 193 = 5*w - 2*s - 78. List the prime factors of w.
5, 11
Suppose 0 = -4*b - 3*x + 469, b - 5*x + 590 = 6*b. Suppose -f = -d + b, d - 167 = -f - 48. List the prime factors of d.
3, 13
Suppose 7*r - 27*r =